{"id":868,"date":"2024-04-18T16:11:07","date_gmt":"2024-04-18T20:11:07","guid":{"rendered":"https:\/\/amirlatam.com\/pry\/?post_type=product&#038;p=868"},"modified":"2024-04-18T16:11:42","modified_gmt":"2024-04-18T20:11:42","slug":"diplomado-en-hematologia","status":"publish","type":"product","link":"https:\/\/amirlatam.com\/pry\/producto\/diplomado-en-hematologia\/","title":{"rendered":"Diplomado en Hematolog\u00eda"},"content":{"rendered":"<ol>\n<li>Hematopoyesis. Generalidades y fisiolog\u00eda.<\/li>\n<li>Hemograma y principales par\u00e1metros sangu\u00edneos.<\/li>\n<li>T\u00e9cnicas diagn\u00f3sticas en hematolog\u00eda.<\/li>\n<li>Anemia. Generalidades.<\/li>\n<li>Anemia por deficiencia de hierro.<\/li>\n<li>Anemia de trastornos cr\u00f3nicos.<\/li>\n<li>Anemias megalobl\u00e1sticas.<\/li>\n<li>Anemias hemol\u00edticas.<\/li>\n<li>Generalidades de los procesos oncohematol\u00f3gicos,<\/li>\n<li>Introducci\u00f3n a la oncohematolog\u00eda.<\/li>\n<li>Aplasia medular.<\/li>\n<li>Leucemias agudas.<\/li>\n<li>S\u00edndromes mielodispl\u00e1sicos.<\/li>\n<li>S\u00edndromes mielodispl\u00e1sicos-mieloproliferativos.<\/li>\n<li>Leucemia mielomonoc\u00edtica cr\u00f3nica (LMMC).<\/li>\n<li>Conceptos b\u00e1sicos en patolog\u00eda linfoidetema.<\/li>\n<li>Leucemia linf\u00e1tica cr\u00f3nica y otros SLPC.<\/li>\n<li>Mieloma m\u00faltiple y otras gammapat\u00edas monoclonales.<\/li>\n<li>Conceptos b\u00e1sicos del trasplante de progenitores hematopoy\u00e9ticos.<\/li>\n<li>Complicaciones del trasplante de progenitores hematopoy\u00e9ticos.<\/li>\n<li>Generalidades de la hemostasia.<\/li>\n<li>Trombocitopenias.<\/li>\n<li>Trombopat\u00edas cong\u00e9nitas y adquiridas.<\/li>\n<li>Enfermedad de Von Willebrand.<\/li>\n<li>Hemofilia.<\/li>\n<li>Otras coagulopat\u00edas.<\/li>\n<li>Tratamiento anticoagulante y antiagregante.<\/li>\n<li>Generalidades de la terapia transfusional.<\/li>\n<li>Linfomas no Hodgkin.<\/li>\n<li>Linfoma de Hodgkin (LH).<\/li>\n<\/ol>\n","protected":false},"excerpt":{"rendered":"<h2><strong>Haz crecer tu carrera como m\u00e9dico<\/strong><\/h2>\n<h3><span style=\"font-weight: 400\">Explora la Excelencia M\u00e9dica con Nuestro <\/span><b>Diplomado en Hematolog\u00eda<\/b><\/h3>\n<p><span style=\"font-weight: 400\">Formarte con el <\/span><b>Diplomado en Hematolog\u00eda<\/b><span style=\"font-weight: 400\"> de <\/span><b>AMIR Colombia<\/b><span style=\"font-weight: 400\">. Con este diplomado, comprender\u00e1s los conceptos fundamentales de la hematopoyesis y la fisiolog\u00eda de la sangre. Adem\u00e1s, nos enfocaremos en que domines las t\u00e9cnicas diagn\u00f3sticas en hematolog\u00eda para determinar trastornos sangu\u00edneos.<\/span><\/p>\n","protected":false},"featured_media":890,"comment_status":"closed","ping_status":"closed","template":"","meta":{"_acf_changed":false},"product_brand":[],"product_cat":[53,55],"product_tag":[66,74],"class_list":{"0":"post-868","1":"product","2":"type-product","3":"status-publish","4":"has-post-thumbnail","6":"product_cat-medicina","7":"product_cat-diplomados","8":"product_tag-diplomado","9":"product_tag-mir-sinvideo","11":"first","12":"instock","13":"shipping-taxable","14":"purchasable","15":"product-type-simple"},"acf":[],"yoast_head":"<!-- This site is optimized with the Yoast SEO Premium plugin v26.8 (Yoast SEO v26.8) - https:\/\/yoast.com\/product\/yoast-seo-premium-wordpress\/ -->\n<title>Diplomado en Hematolog\u00eda &#8226; Paraguay<\/title>\n<meta name=\"robots\" content=\"index, follow, max-snippet:-1, max-image-preview:large, max-video-preview:-1\" \/>\n<link rel=\"canonical\" href=\"https:\/\/amirlatam.com\/pry\/producto\/diplomado-en-hematologia\/\" \/>\n<meta property=\"og:locale\" content=\"es_ES\" \/>\n<meta property=\"og:type\" content=\"article\" \/>\n<meta property=\"og:title\" content=\"Diplomado en Hematolog\u00eda\" \/>\n<meta property=\"og:description\" content=\"Haz crecer tu carrera como m\u00e9dico Explora la Excelencia M\u00e9dica con Nuestro Diplomado en Hematolog\u00eda Formarte con el Diplomado en Hematolog\u00eda de AMIR Colombia. Con este diplomado, comprender\u00e1s los conceptos fundamentales de la hematopoyesis y la fisiolog\u00eda de la sangre. Adem\u00e1s, nos enfocaremos en que domines las t\u00e9cnicas diagn\u00f3sticas en hematolog\u00eda para determinar trastornos sangu\u00edneos.\" \/>\n<meta property=\"og:url\" content=\"https:\/\/amirlatam.com\/pry\/producto\/diplomado-en-hematologia\/\" \/>\n<meta property=\"og:site_name\" content=\"Paraguay\" \/>\n<meta property=\"article:publisher\" content=\"https:\/\/www.facebook.com\/AMIRSuramerica\" \/>\n<meta property=\"article:modified_time\" content=\"2024-04-18T20:11:42+00:00\" \/>\n<meta property=\"og:image\" content=\"https:\/\/amirlatam.com\/pry\/wp-content\/uploads\/sites\/12\/2024\/04\/close-up-scientists-with-tube-glass-slide-scaled-1.jpg\" \/>\n\t<meta property=\"og:image:width\" content=\"2560\" \/>\n\t<meta property=\"og:image:height\" content=\"1707\" \/>\n\t<meta property=\"og:image:type\" content=\"image\/jpeg\" \/>\n<meta name=\"twitter:card\" content=\"summary_large_image\" \/>\n<meta name=\"twitter:label1\" content=\"Precio\" \/>\n\t<meta name=\"twitter:data1\" content=\"&#8370;&nbsp;1\" \/>\n\t<meta name=\"twitter:label2\" content=\"Disponibilidad\" \/>\n\t<meta name=\"twitter:data2\" content=\"Disponible\" \/>\n<script type=\"application\/ld+json\" class=\"yoast-schema-graph\">{\"@context\":\"https:\/\/schema.org\",\"@graph\":[{\"@type\":\"WebPage\",\"@id\":\"https:\/\/amirlatam.com\/pry\/producto\/diplomado-en-hematologia\/\",\"url\":\"https:\/\/amirlatam.com\/pry\/producto\/diplomado-en-hematologia\/\",\"name\":\"Diplomado en Hematolog\u00eda &#8226; Paraguay\",\"isPartOf\":{\"@id\":\"https:\/\/amirlatam.com\/pry\/#website\"},\"primaryImageOfPage\":{\"@id\":\"https:\/\/amirlatam.com\/pry\/producto\/diplomado-en-hematologia\/#primaryimage\"},\"image\":{\"@id\":\"https:\/\/amirlatam.com\/pry\/producto\/diplomado-en-hematologia\/#primaryimage\"},\"thumbnailUrl\":\"https:\/\/amirlatam.com\/pry\/wp-content\/uploads\/sites\/12\/2024\/04\/close-up-scientists-with-tube-glass-slide-scaled-1.jpg\",\"datePublished\":\"2024-04-18T20:11:07+00:00\",\"dateModified\":\"2024-04-18T20:11:42+00:00\",\"breadcrumb\":{\"@id\":\"https:\/\/amirlatam.com\/pry\/producto\/diplomado-en-hematologia\/#breadcrumb\"},\"inLanguage\":\"es\",\"potentialAction\":[{\"@type\":\"ReadAction\",\"target\":[\"https:\/\/amirlatam.com\/pry\/producto\/diplomado-en-hematologia\/\"]}]},{\"@type\":\"ImageObject\",\"inLanguage\":\"es\",\"@id\":\"https:\/\/amirlatam.com\/pry\/producto\/diplomado-en-hematologia\/#primaryimage\",\"url\":\"https:\/\/amirlatam.com\/pry\/wp-content\/uploads\/sites\/12\/2024\/04\/close-up-scientists-with-tube-glass-slide-scaled-1.jpg\",\"contentUrl\":\"https:\/\/amirlatam.com\/pry\/wp-content\/uploads\/sites\/12\/2024\/04\/close-up-scientists-with-tube-glass-slide-scaled-1.jpg\",\"width\":2560,\"height\":1707},{\"@type\":\"BreadcrumbList\",\"@id\":\"https:\/\/amirlatam.com\/pry\/producto\/diplomado-en-hematologia\/#breadcrumb\",\"itemListElement\":[{\"@type\":\"ListItem\",\"position\":1,\"name\":\"Portada\",\"item\":\"https:\/\/amirlatam.com\/pry\/\"},{\"@type\":\"ListItem\",\"position\":2,\"name\":\"Tienda\",\"item\":\"https:\/\/amirlatam.com\/pry\/tienda-2\/\"},{\"@type\":\"ListItem\",\"position\":3,\"name\":\"Diplomado en Hematolog\u00eda\"}]},{\"@type\":\"WebSite\",\"@id\":\"https:\/\/amirlatam.com\/pry\/#website\",\"url\":\"https:\/\/amirlatam.com\/pry\/\",\"name\":\"AMIR Colombia\",\"description\":\"\",\"publisher\":{\"@id\":\"https:\/\/amirlatam.com\/pry\/#organization\"},\"alternateName\":\"AMIR\",\"potentialAction\":[{\"@type\":\"SearchAction\",\"target\":{\"@type\":\"EntryPoint\",\"urlTemplate\":\"https:\/\/amirlatam.com\/pry\/?s={search_term_string}\"},\"query-input\":{\"@type\":\"PropertyValueSpecification\",\"valueRequired\":true,\"valueName\":\"search_term_string\"}}],\"inLanguage\":\"es\"},{\"@type\":\"Organization\",\"@id\":\"https:\/\/amirlatam.com\/pry\/#organization\",\"name\":\"AMIR Colombia\",\"url\":\"https:\/\/amirlatam.com\/pry\/\",\"logo\":{\"@type\":\"ImageObject\",\"inLanguage\":\"es\",\"@id\":\"https:\/\/amirlatam.com\/pry\/#\/schema\/logo\/image\/\",\"url\":\"https:\/\/amirlatam.com\/co\/wp-content\/uploads\/sites\/2\/2023\/08\/amir-favicon.png\",\"contentUrl\":\"https:\/\/amirlatam.com\/co\/wp-content\/uploads\/sites\/2\/2023\/08\/amir-favicon.png\",\"width\":720,\"height\":720,\"caption\":\"AMIR Colombia\"},\"image\":{\"@id\":\"https:\/\/amirlatam.com\/pry\/#\/schema\/logo\/image\/\"},\"sameAs\":[\"https:\/\/www.facebook.com\/AMIRSuramerica\",\"https:\/\/www.linkedin.com\/company\/amir-colombia\/\",\"https:\/\/www.instagram.com\/amirsuramerica\/\"]}]}<\/script>\n<meta property=\"product:price:amount\" content=\"1\" \/>\n<meta property=\"product:price:currency\" content=\"PYG\" \/>\n<meta property=\"og:availability\" content=\"instock\" \/>\n<meta property=\"product:availability\" content=\"instock\" \/>\n<meta property=\"product:condition\" content=\"new\" \/>\n<!-- \/ Yoast SEO Premium plugin. -->","yoast_head_json":{"title":"Diplomado en Hematolog\u00eda &#8226; Paraguay","robots":{"index":"index","follow":"follow","max-snippet":"max-snippet:-1","max-image-preview":"max-image-preview:large","max-video-preview":"max-video-preview:-1"},"canonical":"https:\/\/amirlatam.com\/pry\/producto\/diplomado-en-hematologia\/","og_locale":"es_ES","og_type":"article","og_title":"Diplomado en Hematolog\u00eda","og_description":"Haz crecer tu carrera como m\u00e9dico Explora la Excelencia M\u00e9dica con Nuestro Diplomado en Hematolog\u00eda Formarte con el Diplomado en Hematolog\u00eda de AMIR Colombia. Con este diplomado, comprender\u00e1s los conceptos fundamentales de la hematopoyesis y la fisiolog\u00eda de la sangre. Adem\u00e1s, nos enfocaremos en que domines las t\u00e9cnicas diagn\u00f3sticas en hematolog\u00eda para determinar trastornos sangu\u00edneos.","og_url":"https:\/\/amirlatam.com\/pry\/producto\/diplomado-en-hematologia\/","og_site_name":"Paraguay","article_publisher":"https:\/\/www.facebook.com\/AMIRSuramerica","article_modified_time":"2024-04-18T20:11:42+00:00","og_image":[{"width":2560,"height":1707,"url":"https:\/\/amirlatam.com\/pry\/wp-content\/uploads\/sites\/12\/2024\/04\/close-up-scientists-with-tube-glass-slide-scaled-1.jpg","type":"image\/jpeg"}],"twitter_card":"summary_large_image","twitter_misc":{"Precio":"&#8370;&nbsp;1","Disponibilidad":"Disponible"},"schema":{"@context":"https:\/\/schema.org","@graph":[{"@type":"WebPage","@id":"https:\/\/amirlatam.com\/pry\/producto\/diplomado-en-hematologia\/","url":"https:\/\/amirlatam.com\/pry\/producto\/diplomado-en-hematologia\/","name":"Diplomado en Hematolog\u00eda &#8226; Paraguay","isPartOf":{"@id":"https:\/\/amirlatam.com\/pry\/#website"},"primaryImageOfPage":{"@id":"https:\/\/amirlatam.com\/pry\/producto\/diplomado-en-hematologia\/#primaryimage"},"image":{"@id":"https:\/\/amirlatam.com\/pry\/producto\/diplomado-en-hematologia\/#primaryimage"},"thumbnailUrl":"https:\/\/amirlatam.com\/pry\/wp-content\/uploads\/sites\/12\/2024\/04\/close-up-scientists-with-tube-glass-slide-scaled-1.jpg","datePublished":"2024-04-18T20:11:07+00:00","dateModified":"2024-04-18T20:11:42+00:00","breadcrumb":{"@id":"https:\/\/amirlatam.com\/pry\/producto\/diplomado-en-hematologia\/#breadcrumb"},"inLanguage":"es","potentialAction":[{"@type":"ReadAction","target":["https:\/\/amirlatam.com\/pry\/producto\/diplomado-en-hematologia\/"]}]},{"@type":"ImageObject","inLanguage":"es","@id":"https:\/\/amirlatam.com\/pry\/producto\/diplomado-en-hematologia\/#primaryimage","url":"https:\/\/amirlatam.com\/pry\/wp-content\/uploads\/sites\/12\/2024\/04\/close-up-scientists-with-tube-glass-slide-scaled-1.jpg","contentUrl":"https:\/\/amirlatam.com\/pry\/wp-content\/uploads\/sites\/12\/2024\/04\/close-up-scientists-with-tube-glass-slide-scaled-1.jpg","width":2560,"height":1707},{"@type":"BreadcrumbList","@id":"https:\/\/amirlatam.com\/pry\/producto\/diplomado-en-hematologia\/#breadcrumb","itemListElement":[{"@type":"ListItem","position":1,"name":"Portada","item":"https:\/\/amirlatam.com\/pry\/"},{"@type":"ListItem","position":2,"name":"Tienda","item":"https:\/\/amirlatam.com\/pry\/tienda-2\/"},{"@type":"ListItem","position":3,"name":"Diplomado en Hematolog\u00eda"}]},{"@type":"WebSite","@id":"https:\/\/amirlatam.com\/pry\/#website","url":"https:\/\/amirlatam.com\/pry\/","name":"AMIR Colombia","description":"","publisher":{"@id":"https:\/\/amirlatam.com\/pry\/#organization"},"alternateName":"AMIR","potentialAction":[{"@type":"SearchAction","target":{"@type":"EntryPoint","urlTemplate":"https:\/\/amirlatam.com\/pry\/?s={search_term_string}"},"query-input":{"@type":"PropertyValueSpecification","valueRequired":true,"valueName":"search_term_string"}}],"inLanguage":"es"},{"@type":"Organization","@id":"https:\/\/amirlatam.com\/pry\/#organization","name":"AMIR Colombia","url":"https:\/\/amirlatam.com\/pry\/","logo":{"@type":"ImageObject","inLanguage":"es","@id":"https:\/\/amirlatam.com\/pry\/#\/schema\/logo\/image\/","url":"https:\/\/amirlatam.com\/co\/wp-content\/uploads\/sites\/2\/2023\/08\/amir-favicon.png","contentUrl":"https:\/\/amirlatam.com\/co\/wp-content\/uploads\/sites\/2\/2023\/08\/amir-favicon.png","width":720,"height":720,"caption":"AMIR Colombia"},"image":{"@id":"https:\/\/amirlatam.com\/pry\/#\/schema\/logo\/image\/"},"sameAs":["https:\/\/www.facebook.com\/AMIRSuramerica","https:\/\/www.linkedin.com\/company\/amir-colombia\/","https:\/\/www.instagram.com\/amirsuramerica\/"]}]},"product_price_amount":"1","product_price_currency":"PYG","og_availability":"instock","product_availability":"instock","product_condition":"new"},"_links":{"self":[{"href":"https:\/\/amirlatam.com\/pry\/wp-json\/wp\/v2\/product\/868","targetHints":{"allow":["GET"]}}],"collection":[{"href":"https:\/\/amirlatam.com\/pry\/wp-json\/wp\/v2\/product"}],"about":[{"href":"https:\/\/amirlatam.com\/pry\/wp-json\/wp\/v2\/types\/product"}],"replies":[{"embeddable":true,"href":"https:\/\/amirlatam.com\/pry\/wp-json\/wp\/v2\/comments?post=868"}],"wp:featuredmedia":[{"embeddable":true,"href":"https:\/\/amirlatam.com\/pry\/wp-json\/wp\/v2\/media\/890"}],"wp:attachment":[{"href":"https:\/\/amirlatam.com\/pry\/wp-json\/wp\/v2\/media?parent=868"}],"wp:term":[{"taxonomy":"product_brand","embeddable":true,"href":"https:\/\/amirlatam.com\/pry\/wp-json\/wp\/v2\/product_brand?post=868"},{"taxonomy":"product_cat","embeddable":true,"href":"https:\/\/amirlatam.com\/pry\/wp-json\/wp\/v2\/product_cat?post=868"},{"taxonomy":"product_tag","embeddable":true,"href":"https:\/\/amirlatam.com\/pry\/wp-json\/wp\/v2\/product_tag?post=868"}],"curies":[{"name":"wp","href":"https:\/\/api.w.org\/{rel}","templated":true}]}}