{"id":747,"date":"2024-04-01T16:08:39","date_gmt":"2024-04-01T20:08:39","guid":{"rendered":"http:\/\/ealvarado"},"modified":"2024-04-04T18:12:46","modified_gmt":"2024-04-04T22:12:46","slug":"mir-hibrido__trashed","status":"publish","type":"product","link":"https:\/\/amirlatam.com\/bol\/producto\/mir-hibrido__trashed\/","title":{"rendered":"Curso MIR Completo H\u00edbrido | Amir Bolivia"},"content":{"rendered":"\n","protected":false},"excerpt":{"rendered":"<div class=\"zw-paragraph\" data-width=\"589.248\" data-textformat=\"{&quot;size&quot;:&quot;10&quot;}\">\n<div class=\"zw-line-div\">\n<h3 class=\"zw-line-content\"><strong><span class=\"zw-portion zw-text-portion\" data-text-len=\"1\">\u00bf<\/span><span class=\"zw-portion zw-text-portion\" data-text-len=\"88\">Te\u00a0gustar\u00eda\u00a0realizar\u00a0una\u00a0parte\u00a0de\u00a0la\u00a0preparaci\u00f3n\u00a0para\u00a0el\u00a0MIR\u00a0en\u00a0tu\u00a0pa\u00eds\u00a0y\u00a0otra\u00a0en\u00a0Espa\u00f1a<\/span><span class=\"zw-portion zw-text-portion\" data-text-len=\"21\">?\u00a0<\/span><\/strong><\/h3>\n<div>Este curso es ideal para ti. El funcionamiento habitual es hacer la primera fase del curso y en la segunda fase incorporarse a una sede presencial (el alumno puede escoger la sede presencial libremente). Sin embargo, existe posibilidad de personalizar el curso si alg\u00fan alumno necesita una incorporaci\u00f3n previa o posterior al curso presencial.<\/div>\n<div><\/div>\n<div class=\"zw-line-content\">El curso ofrece clases y tutor\u00edas, asesoramiento personalizado por parte del equipo de tutores, acceso a todos los recursos online, manuales f\u00edsicos y digitales de todas las asignaturas, la gu\u00eda del alumno AMIR, pruebas de las clases para hacer un seguimiento y acceso a AMIR TV. Adem\u00e1s, se ense\u00f1an las t\u00e9cnicas del Curso Genius, las cuales permitir\u00e1n recordar informaci\u00f3n a largo plazo sin necesidad de estudiar durante demasiadas horas.<\/div>\n<\/div>\n<\/div>\n","protected":false},"featured_media":768,"comment_status":"closed","ping_status":"closed","template":"","meta":{"_acf_changed":false},"product_brand":[],"product_cat":[72],"product_tag":[80],"class_list":{"0":"post-747","1":"product","2":"type-product","3":"status-publish","4":"has-post-thumbnail","6":"product_cat-completo","7":"product_tag-mir-producto","9":"first","10":"instock","11":"shipping-taxable","12":"purchasable","13":"product-type-simple"},"acf":[],"yoast_head":"<!-- This site is optimized with the Yoast SEO Premium plugin v26.8 (Yoast SEO v26.8) - https:\/\/yoast.com\/product\/yoast-seo-premium-wordpress\/ -->\n<title>Enfoque H\u00edbrido: Curso MIR h\u00edbrido para el \u00c9xito con Amir<\/title>\n<meta name=\"description\" content=\"Descubre el poder del enfoque h\u00edbrido en nuestro curso MIR h\u00edbrido. La combinaci\u00f3n perfecta de presencial y online para tu preparaci\u00f3n en Amir Colombia\" \/>\n<meta name=\"robots\" content=\"index, follow, max-snippet:-1, max-image-preview:large, max-video-preview:-1\" \/>\n<link rel=\"canonical\" href=\"https:\/\/amirlatam.com\/bol\/producto\/mir-hibrido__trashed\/\" \/>\n<meta property=\"og:locale\" content=\"es_ES\" \/>\n<meta property=\"og:type\" content=\"article\" \/>\n<meta property=\"og:title\" content=\"Curso MIR Completo H\u00edbrido | Amir Bolivia\" \/>\n<meta property=\"og:description\" content=\"Descubre el poder del enfoque h\u00edbrido en nuestro curso MIR h\u00edbrido. La combinaci\u00f3n perfecta de presencial y online para tu preparaci\u00f3n en Amir Colombia\" \/>\n<meta property=\"og:url\" content=\"https:\/\/amirlatam.com\/bol\/producto\/mir-hibrido__trashed\/\" \/>\n<meta property=\"og:site_name\" content=\"Bolivia\" \/>\n<meta property=\"article:publisher\" content=\"https:\/\/www.facebook.com\/AMIRSuramerica\" \/>\n<meta property=\"article:modified_time\" content=\"2024-04-04T22:12:46+00:00\" \/>\n<meta property=\"og:image\" content=\"https:\/\/amirlatam.com\/bol\/wp-content\/uploads\/sites\/11\/2023\/08\/quisiera-hacer-pregunta-scaled-1.jpg\" \/>\n\t<meta property=\"og:image:width\" content=\"2560\" \/>\n\t<meta property=\"og:image:height\" content=\"1707\" \/>\n\t<meta property=\"og:image:type\" content=\"image\/jpeg\" \/>\n<meta name=\"twitter:card\" content=\"summary_large_image\" \/>\n<meta name=\"twitter:label1\" content=\"Precio\" \/>\n\t<meta name=\"twitter:data1\" content=\"&#036;&nbsp;1\" \/>\n\t<meta name=\"twitter:label2\" content=\"Disponibilidad\" \/>\n\t<meta name=\"twitter:data2\" content=\"Disponible\" \/>\n<script type=\"application\/ld+json\" class=\"yoast-schema-graph\">{\"@context\":\"https:\/\/schema.org\",\"@graph\":[{\"@type\":\"WebPage\",\"@id\":\"https:\/\/amirlatam.com\/bol\/producto\/mir-hibrido__trashed\/\",\"url\":\"https:\/\/amirlatam.com\/bol\/producto\/mir-hibrido__trashed\/\",\"name\":\"Enfoque H\u00edbrido: Curso MIR h\u00edbrido para el \u00c9xito con Amir\",\"isPartOf\":{\"@id\":\"https:\/\/amirlatam.com\/bol\/#website\"},\"primaryImageOfPage\":{\"@id\":\"https:\/\/amirlatam.com\/bol\/producto\/mir-hibrido__trashed\/#primaryimage\"},\"image\":{\"@id\":\"https:\/\/amirlatam.com\/bol\/producto\/mir-hibrido__trashed\/#primaryimage\"},\"thumbnailUrl\":\"https:\/\/amirlatam.com\/bol\/wp-content\/uploads\/sites\/11\/2023\/08\/quisiera-hacer-pregunta-scaled-1.jpg\",\"datePublished\":\"2024-04-01T20:08:39+00:00\",\"dateModified\":\"2024-04-04T22:12:46+00:00\",\"description\":\"Descubre el poder del enfoque h\u00edbrido en nuestro curso MIR h\u00edbrido. La combinaci\u00f3n perfecta de presencial y online para tu preparaci\u00f3n en Amir Colombia\",\"breadcrumb\":{\"@id\":\"https:\/\/amirlatam.com\/bol\/producto\/mir-hibrido__trashed\/#breadcrumb\"},\"inLanguage\":\"es\",\"potentialAction\":[{\"@type\":\"ReadAction\",\"target\":[\"https:\/\/amirlatam.com\/bol\/producto\/mir-hibrido__trashed\/\"]}]},{\"@type\":\"ImageObject\",\"inLanguage\":\"es\",\"@id\":\"https:\/\/amirlatam.com\/bol\/producto\/mir-hibrido__trashed\/#primaryimage\",\"url\":\"https:\/\/amirlatam.com\/bol\/wp-content\/uploads\/sites\/11\/2023\/08\/quisiera-hacer-pregunta-scaled-1.jpg\",\"contentUrl\":\"https:\/\/amirlatam.com\/bol\/wp-content\/uploads\/sites\/11\/2023\/08\/quisiera-hacer-pregunta-scaled-1.jpg\",\"width\":2560,\"height\":1707,\"caption\":\"Happy doctor attending a seminar and raising his hand to ask a question at convention center.\"},{\"@type\":\"BreadcrumbList\",\"@id\":\"https:\/\/amirlatam.com\/bol\/producto\/mir-hibrido__trashed\/#breadcrumb\",\"itemListElement\":[{\"@type\":\"ListItem\",\"position\":1,\"name\":\"Portada\",\"item\":\"https:\/\/amirlatam.com\/bol\/\"},{\"@type\":\"ListItem\",\"position\":2,\"name\":\"Tienda\",\"item\":\"https:\/\/amirlatam.com\/bol\/tienda-2-2\/\"},{\"@type\":\"ListItem\",\"position\":3,\"name\":\"Curso MIR Completo H\u00edbrido | Amir Bolivia\"}]},{\"@type\":\"WebSite\",\"@id\":\"https:\/\/amirlatam.com\/bol\/#website\",\"url\":\"https:\/\/amirlatam.com\/bol\/\",\"name\":\"AMIR Colombia\",\"description\":\"AMIR Latinoam\u00e9rica\",\"publisher\":{\"@id\":\"https:\/\/amirlatam.com\/bol\/#organization\"},\"alternateName\":\"AMIR\",\"potentialAction\":[{\"@type\":\"SearchAction\",\"target\":{\"@type\":\"EntryPoint\",\"urlTemplate\":\"https:\/\/amirlatam.com\/bol\/?s={search_term_string}\"},\"query-input\":{\"@type\":\"PropertyValueSpecification\",\"valueRequired\":true,\"valueName\":\"search_term_string\"}}],\"inLanguage\":\"es\"},{\"@type\":\"Organization\",\"@id\":\"https:\/\/amirlatam.com\/bol\/#organization\",\"name\":\"AMIR Colombia\",\"url\":\"https:\/\/amirlatam.com\/bol\/\",\"logo\":{\"@type\":\"ImageObject\",\"inLanguage\":\"es\",\"@id\":\"https:\/\/amirlatam.com\/bol\/#\/schema\/logo\/image\/\",\"url\":\"https:\/\/amirlatam.com\/co\/wp-content\/uploads\/sites\/2\/2023\/08\/amir-favicon.png\",\"contentUrl\":\"https:\/\/amirlatam.com\/co\/wp-content\/uploads\/sites\/2\/2023\/08\/amir-favicon.png\",\"width\":720,\"height\":720,\"caption\":\"AMIR Colombia\"},\"image\":{\"@id\":\"https:\/\/amirlatam.com\/bol\/#\/schema\/logo\/image\/\"},\"sameAs\":[\"https:\/\/www.facebook.com\/AMIRSuramerica\",\"https:\/\/www.linkedin.com\/company\/amir-colombia\/\",\"https:\/\/www.instagram.com\/amirsuramerica\/\"]}]}<\/script>\n<meta property=\"product:price:amount\" content=\"1\" \/>\n<meta property=\"product:price:currency\" content=\"COP\" \/>\n<meta property=\"og:availability\" content=\"instock\" \/>\n<meta property=\"product:availability\" content=\"instock\" \/>\n<meta property=\"product:condition\" content=\"new\" \/>\n<!-- \/ Yoast SEO Premium plugin. -->","yoast_head_json":{"title":"Enfoque H\u00edbrido: Curso MIR h\u00edbrido para el \u00c9xito con Amir","description":"Descubre el poder del enfoque h\u00edbrido en nuestro curso MIR h\u00edbrido. La combinaci\u00f3n perfecta de presencial y online para tu preparaci\u00f3n en Amir Colombia","robots":{"index":"index","follow":"follow","max-snippet":"max-snippet:-1","max-image-preview":"max-image-preview:large","max-video-preview":"max-video-preview:-1"},"canonical":"https:\/\/amirlatam.com\/bol\/producto\/mir-hibrido__trashed\/","og_locale":"es_ES","og_type":"article","og_title":"Curso MIR Completo H\u00edbrido | Amir Bolivia","og_description":"Descubre el poder del enfoque h\u00edbrido en nuestro curso MIR h\u00edbrido. La combinaci\u00f3n perfecta de presencial y online para tu preparaci\u00f3n en Amir Colombia","og_url":"https:\/\/amirlatam.com\/bol\/producto\/mir-hibrido__trashed\/","og_site_name":"Bolivia","article_publisher":"https:\/\/www.facebook.com\/AMIRSuramerica","article_modified_time":"2024-04-04T22:12:46+00:00","og_image":[{"width":2560,"height":1707,"url":"https:\/\/amirlatam.com\/bol\/wp-content\/uploads\/sites\/11\/2023\/08\/quisiera-hacer-pregunta-scaled-1.jpg","type":"image\/jpeg"}],"twitter_card":"summary_large_image","twitter_misc":{"Precio":"&#36;&nbsp;1","Disponibilidad":"Disponible"},"schema":{"@context":"https:\/\/schema.org","@graph":[{"@type":"WebPage","@id":"https:\/\/amirlatam.com\/bol\/producto\/mir-hibrido__trashed\/","url":"https:\/\/amirlatam.com\/bol\/producto\/mir-hibrido__trashed\/","name":"Enfoque H\u00edbrido: Curso MIR h\u00edbrido para el \u00c9xito con Amir","isPartOf":{"@id":"https:\/\/amirlatam.com\/bol\/#website"},"primaryImageOfPage":{"@id":"https:\/\/amirlatam.com\/bol\/producto\/mir-hibrido__trashed\/#primaryimage"},"image":{"@id":"https:\/\/amirlatam.com\/bol\/producto\/mir-hibrido__trashed\/#primaryimage"},"thumbnailUrl":"https:\/\/amirlatam.com\/bol\/wp-content\/uploads\/sites\/11\/2023\/08\/quisiera-hacer-pregunta-scaled-1.jpg","datePublished":"2024-04-01T20:08:39+00:00","dateModified":"2024-04-04T22:12:46+00:00","description":"Descubre el poder del enfoque h\u00edbrido en nuestro curso MIR h\u00edbrido. La combinaci\u00f3n perfecta de presencial y online para tu preparaci\u00f3n en Amir Colombia","breadcrumb":{"@id":"https:\/\/amirlatam.com\/bol\/producto\/mir-hibrido__trashed\/#breadcrumb"},"inLanguage":"es","potentialAction":[{"@type":"ReadAction","target":["https:\/\/amirlatam.com\/bol\/producto\/mir-hibrido__trashed\/"]}]},{"@type":"ImageObject","inLanguage":"es","@id":"https:\/\/amirlatam.com\/bol\/producto\/mir-hibrido__trashed\/#primaryimage","url":"https:\/\/amirlatam.com\/bol\/wp-content\/uploads\/sites\/11\/2023\/08\/quisiera-hacer-pregunta-scaled-1.jpg","contentUrl":"https:\/\/amirlatam.com\/bol\/wp-content\/uploads\/sites\/11\/2023\/08\/quisiera-hacer-pregunta-scaled-1.jpg","width":2560,"height":1707,"caption":"Happy doctor attending a seminar and raising his hand to ask a question at convention center."},{"@type":"BreadcrumbList","@id":"https:\/\/amirlatam.com\/bol\/producto\/mir-hibrido__trashed\/#breadcrumb","itemListElement":[{"@type":"ListItem","position":1,"name":"Portada","item":"https:\/\/amirlatam.com\/bol\/"},{"@type":"ListItem","position":2,"name":"Tienda","item":"https:\/\/amirlatam.com\/bol\/tienda-2-2\/"},{"@type":"ListItem","position":3,"name":"Curso MIR Completo H\u00edbrido | Amir Bolivia"}]},{"@type":"WebSite","@id":"https:\/\/amirlatam.com\/bol\/#website","url":"https:\/\/amirlatam.com\/bol\/","name":"AMIR Colombia","description":"AMIR Latinoam\u00e9rica","publisher":{"@id":"https:\/\/amirlatam.com\/bol\/#organization"},"alternateName":"AMIR","potentialAction":[{"@type":"SearchAction","target":{"@type":"EntryPoint","urlTemplate":"https:\/\/amirlatam.com\/bol\/?s={search_term_string}"},"query-input":{"@type":"PropertyValueSpecification","valueRequired":true,"valueName":"search_term_string"}}],"inLanguage":"es"},{"@type":"Organization","@id":"https:\/\/amirlatam.com\/bol\/#organization","name":"AMIR Colombia","url":"https:\/\/amirlatam.com\/bol\/","logo":{"@type":"ImageObject","inLanguage":"es","@id":"https:\/\/amirlatam.com\/bol\/#\/schema\/logo\/image\/","url":"https:\/\/amirlatam.com\/co\/wp-content\/uploads\/sites\/2\/2023\/08\/amir-favicon.png","contentUrl":"https:\/\/amirlatam.com\/co\/wp-content\/uploads\/sites\/2\/2023\/08\/amir-favicon.png","width":720,"height":720,"caption":"AMIR Colombia"},"image":{"@id":"https:\/\/amirlatam.com\/bol\/#\/schema\/logo\/image\/"},"sameAs":["https:\/\/www.facebook.com\/AMIRSuramerica","https:\/\/www.linkedin.com\/company\/amir-colombia\/","https:\/\/www.instagram.com\/amirsuramerica\/"]}]},"product_price_amount":"1","product_price_currency":"COP","og_availability":"instock","product_availability":"instock","product_condition":"new"},"_links":{"self":[{"href":"https:\/\/amirlatam.com\/bol\/wp-json\/wp\/v2\/product\/747","targetHints":{"allow":["GET"]}}],"collection":[{"href":"https:\/\/amirlatam.com\/bol\/wp-json\/wp\/v2\/product"}],"about":[{"href":"https:\/\/amirlatam.com\/bol\/wp-json\/wp\/v2\/types\/product"}],"replies":[{"embeddable":true,"href":"https:\/\/amirlatam.com\/bol\/wp-json\/wp\/v2\/comments?post=747"}],"wp:featuredmedia":[{"embeddable":true,"href":"https:\/\/amirlatam.com\/bol\/wp-json\/wp\/v2\/media\/768"}],"wp:attachment":[{"href":"https:\/\/amirlatam.com\/bol\/wp-json\/wp\/v2\/media?parent=747"}],"wp:term":[{"taxonomy":"product_brand","embeddable":true,"href":"https:\/\/amirlatam.com\/bol\/wp-json\/wp\/v2\/product_brand?post=747"},{"taxonomy":"product_cat","embeddable":true,"href":"https:\/\/amirlatam.com\/bol\/wp-json\/wp\/v2\/product_cat?post=747"},{"taxonomy":"product_tag","embeddable":true,"href":"https:\/\/amirlatam.com\/bol\/wp-json\/wp\/v2\/product_tag?post=747"}],"curies":[{"name":"wp","href":"https:\/\/api.w.org\/{rel}","templated":true}]}}